37100.
2, 3, 5, 3457
List the prime factors of 105887.
19, 5573
List the prime factors of 8354275.
5, 334171
What are the prime factors of 708904?
2, 7, 12659
What are the prime factors of 1330593?
3, 11, 61, 661
List the prime factors of 3495047.
17, 83, 2477
List the prime factors of 67399.
67399
What are the prime factors of 235095?
3, 5, 7, 2239
List the prime factors of 36946.
2, 7, 13, 29
List the prime factors of 225348.
2, 3, 89, 211
List the prime factors of 750113.
7, 13, 8243
List the prime factors of 690055.
5, 29, 4759
List the prime factors of 80168.
2, 11, 911
List the prime factors of 1867458.
2, 3, 547, 569
What are the prime factors of 334158?
2, 3, 11, 61, 83
List the prime factors of 3557074.
2, 1778537
What are the prime factors of 513132?
2, 3, 61, 701
List the prime factors of 38367.
3, 7, 29
List the prime factors of 22337.
7, 3191
What are the prime factors of 538257?
3, 59, 3041
List the prime factors of 149743.
11, 13613
What are the prime factors of 5004972?
2, 3, 7, 19861
What are the prime factors of 20309952?
2, 3, 13, 79, 103
What are the prime factors of 789488?
2, 7, 19, 53
List the prime factors of 156800.
2, 5, 7
What are the prime factors of 6130391?
6130391
What are the prime factors of 10201472?
2, 79699
What are the prime factors of 1088970?
2, 3, 5, 36299
List the prime factors of 126523.
23, 5501
List the prime factors of 918664.
2, 114833
What are the prime factors of 5131892?
2, 17, 163, 463
List the prime factors of 6384706.
2, 3192353
List the prime factors of 991716.
2, 3, 11, 683
What are the prime factors of 1733091?
3, 199, 2903
What are the prime factors of 7962960?
2, 3, 5, 33179
What are the prime factors of 20494828?
2, 5123707
What are the prime factors of 716717?
89, 8053
List the prime factors of 1855992.
2, 3, 17, 4549
List the prime factors of 260082.
2, 3, 14449
List the prime factors of 264752.
2, 16547
List the prime factors of 189897.
3, 63299
What are the prime factors of 3367663?
13, 19927
List the prime factors of 15048371.
13, 23, 50329
List the prime factors of 1582146.
2, 3, 83, 353
List the prime factors of 72296.
2, 7, 1291
What are the prime factors of 1389926?
2, 19, 79, 463
List the prime factors of 2090317.
2090317
What are the prime factors of 2554482?
2, 3, 7, 60821
List the prime factors of 2100409.
2100409
What are the prime factors of 63160?
2, 5, 1579
List the prime factors of 18888912.
2, 3, 7, 2677
List the prime factors of 10065787.
41, 97, 2531
List the prime factors of 3158061.
3, 23, 37, 1237
What are the prime factors of 63797?
131, 487
What are the prime factors of 125209?
7, 31, 577
What are the prime factors of 6661835?
5, 23, 53, 1093
List the prime factors of 4973569.
223, 22303
What are the prime factors of 2125281?
3, 137, 5171
What are the prime factors of 13905778?
2, 2267, 3067
What are the prime factors of 3061779?
3, 7, 145799
List the prime factors of 2775144.
2, 3, 115631
What are the prime factors of 574620?
2, 3, 5, 61, 157
What are the prime factors of 208387?
208387
What are the prime factors of 7937857?
7937857
What are the prime factors of 3281439?
3, 7, 156259
What are the prime factors of 1578021?
3, 457, 1151
List the prime factors of 1397482.
2, 331, 2111
List the prime factors of 164272.
2, 10267
What are the prime factors of 8866247?
13, 23, 2281
What are the prime factors of 1323064?
2, 165383
List the prime factors of 81327.
3, 27109
List the prime factors of 2357334.
2, 3, 7, 53, 353
What are the prime factors of 8333251?
37, 225223
What are the prime factors of 472607?
41, 11527
List the prime factors of 4056023.
4056023
List the prime factors of 5406237.
3, 200231
What are the prime factors of 309625?
5, 2477
What are the prime factors of 173634?
2, 3, 43, 673
List the prime factors of 208643.
37, 5639
List the prime factors of 15850269.
3, 29, 31, 653
What are the prime factors of 786368?
2, 11, 1117
What are the prime factors of 93059?
93059
What are the prime factors of 231248?
2, 97, 149
What are the prime factors of 440837?
587, 751
List the prime factors of 259337.
13, 19949
List the prime factors of 236621.
7, 11, 439
List the prime factors of 25201104.
2, 3, 163, 3221
List the prime factors of 1308254.
2, 654127
List the prime factors of 16476239.
13, 1267403
List the prime factors of 981507.
3, 53, 6173
What are the prime factors of 20411431?
20411431
List the prime factors of 2198522.
2, 1099261
What are the prime factors of 2345230?
2, 5, 29, 8087
What are the prime factors of 22200?
2, 3, 5, 37
List the prime factors of 158375.
5, 7, 181
List the prime factors of 22907338.
2, 11453669
What are the prime factors of 409472?
2, 7, 457
List the prime factors of 459011.
7, 23, 2851
What are the prime factors of 53255?
5, 10651
List the prime factors of 532670.
2, 5, 53267
What are the prime factors of 26788727?
7, 19, 10601
List the prime factors of 13783136.
2, 430723
List the prime factors of 935268.
2, 3, 59, 1321
List the prime factors of 9970787.
9970787
What are the prime factors of 3451180?
2, 5, 43, 4013
What are the prime factors of 284126?
2, 19, 7477
What are the prime factors of 25134004?
2, 7, 193, 4651
List the prime factors of 294102.
2, 3, 16339
What are the prime factors of 8329390?
2, 5, 31, 97, 277
What are the prime factors of 3657507?
3, 7, 139, 179
List the prime factors of 17359261.
17, 773, 1321
List the prime factors of 153058.
2, 103, 743
What are the prime factors of 872367?
3, 23, 47, 269
What are the prime factors of 52472?
2, 7, 937
List the prime factors of 24281476.
2, 773, 7853
List the prime factors of 14474012.
2, 7, 73847
List the prime factors of 175347.
3, 19483
List the prime factors of 21661.
21661
List the prime factors of 162864.
2, 3, 13, 29
What are the prime factors of 391770?
2, 3, 5, 1451
List the prime factors of 36487.
11, 31, 107
List the prime factors of 1037431.
47, 22073
What are the prime factors of 2404031?
7, 343433
What are the prime factors of 1465236?
2, 3, 13567
What are the prime factors of 6802867?
499, 13633
What are the prime factors of 13790?
2, 5, 7, 197
List the prime factors of 976498.
2, 488249
What are the prime factors of 445927?
17, 1543
What are the prime factors of 329935?
5, 19, 23, 151
List the prime factors of 85239.
3, 7, 11, 41
List the prime factors of 958762.
2, 7, 68483
What are the prime factors of 48624?
2, 3, 1013
What are the prime factors of 262792?
2, 107, 307
What are the prime factors of 571660?
2, 5, 101, 283
What are the prime factors of 1689876?
2, 3, 15647
What are the prime factors of 3317554?
2, 479, 3463
List the prime factors of 2572496.
2, 160781
What are the prime factors of 2577608?
2, 11, 17, 1723
List the prime factors of 1284163.
17, 75539
List the prime factors of 386161.
386161
List the prime factors of 318711.
3, 23, 31, 149
List the prime factors of 8502028.
2, 457, 4651
What are the prime factors of 41815759?
47, 889697
List the prime factors of 78292.
2, 23, 37
List the prime factors of 30290334.
2, 3, 677, 7457
List the prime factors of 3203999.
3203999
What are the prime factors of 422091?
3, 193
List the prime factors of 1453037.
1453037
What are the prime factors of 10117361?
47, 167, 1289
What are the prime factors of 514587?
3, 171529
List the prime factors of 8374247.
7, 31, 37, 149
List the prime factors of 7839908.
2, 73, 26849
List the prime factors of 145150.
2, 5, 2903
What are the prime factors of 3909049?
3909049
List the prime factors of 550984.
2, 7, 9839
List the prime factors of 2935999.
11, 266909
List the prime factors of 5682759.
3, 1894253
List the prime factors of 3197133.
3, 37, 9601
List the prime factors of 218188.
2, 54547
List the prime factors of 5759141.
17, 338773
What are the prime factors of 137615?
5, 17, 1619
List the prime factors of 218132.
2, 23, 2371
List the prime factors of 7217690.
2, 5, 17, 42457
What are the prime factors of 2451050?
2, 5, 7, 47, 149
What are the prime factors of 470238?
2, 3, 181, 433
List the prime factors of 199086.
2, 3, 33181
What are the prime factors of 1281708?
2, 3, 35603
What are the prime factors of 1572402?
2, 3, 13, 19, 1061
List the prime factors of 109930.
2, 5, 10993
List the prime factors of 960115.
5, 13, 14771
What are the prime